etermine t(-11).
-100
Let c(b) = -11*b - 215. Calculate c(-19).
-6
Let i(v) = 1265468*v + 20247489. What is i(-16)?
1
Let r(d) = 3*d**2 - 244*d + 4735. Give r(32).
-1
Let p(f) = -206937*f + 5794230. What is p(28)?
-6
Let u(n) = n**3 + 11*n**2 - 101*n - 1078. Give u(-11).
33
Let z(s) = -4001*s - 96009. Give z(-24).
15
Let w(t) = -15*t**2 - 39*t - 16. Determine w(-1).
8
Let q(k) = k**2 + 4135*k - 8263. Give q(2).
11
Let s(f) = -2*f**3 - 26*f**2 + 109*f + 513. Calculate s(-3).
6
Let l(f) = -f**3 + 14*f**2 + 926*f - 12198. Give l(13).
9
Let h(z) = -189*z - 2124. Determine h(-9).
-423
Let b(s) = 278*s + 5632. Determine b(-27).
-1874
Let w(z) = -2507*z - 511454. What is w(-204)?
-26
Let i(n) = -144*n**2 + 153*n + 466. Determine i(-3).
-1289
Let m(f) = -3*f**2 + 332*f + 3499. What is m(-11)?
-516
Let u(d) = -2428*d - 1600045. Give u(-659).
7
Let g(t) = -t**2 + 1338*t - 26. Calculate g(0).
-26
Let s(y) = -155258*y - 310539. Calculate s(-2).
-23
Let v(m) = m**3 + 140*m**2 + 1110*m + 2270. Determine v(-4).
6
Let q(u) = 6*u**3 + 505*u**2 + 93*u + 790. Calculate q(-84).
34
Let y(t) = 83*t**3 - 77*t**2 - 19*t + 20. What is y(1)?
7
Let f(r) = -562*r + 5532. What is f(10)?
-88
Let j(p) = -p**2 + 323956*p - 7. Calculate j(0).
-7
Let g(x) = -x**2 + 29076*x - 261598. Calculate g(9).
5
Let k(o) = 6*o**3 + 98*o**2 + 53*o + 216. Calculate k(-16).
-120
Let o(b) = -14*b**2 + 1729*b + 8609. Give o(-5).
-386
Let t(i) = i**3 - 19*i**2 - 3196*i + 54886. Determine t(17).
-24
Let o(x) = 44*x + 2824. What is o(-63)?
52
Let x(r) = -r**3 - 65*r**2 - 73*r - 655. Determine x(-64).
-79
Let t(m) = -2780*m + 58304. What is t(21)?
-76
Let j(l) = 27*l**2 + 218*l - 184. What is j(1)?
61
Let t(n) = 1440*n**2 + 14507*n - 14. What is t(-10)?
-1084
Let u(i) = -448739*i - 4936131. What is u(-11)?
-2
Let f(u) = u**2 + 19827*u + 158554. Give f(-8).
2
Let f(c) = -7*c**2 + 98*c - 71. Give f(25).
-1996
Let v(u) = 226*u**2 + 3394*u - 119. What is v(-15)?
-179
Let u(c) = c**3 + 7*c**2 + 46*c + 350. Calculate u(-9).
-226
Let d(n) = -n**3 - 21*n**2 + 1531*n + 124. What is d(-51)?
73
Let b(n) = 30*n**2 - 672*n + 3957. Determine b(6).
1005
Let v(l) = 2*l**2 - 43*l - 299. Give v(31).
290
Let g(u) = u**2 + 89946*u + 1079208. Give g(-12).
0
Let d(m) = -m**3 + 18*m**2 + 580*m - 768. Calculate d(37).
-5319
Let o(y) = -11543*y - 69261. What is o(-6)?
-3
Let q(f) = f**3 - 75*f**2 - 96*f + 1267. Give q(76).
-253
Let m(l) = -27*l**3 + 114*l**2 - 37*l + 62. Give m(6).
-1888
Let w(l) = 465*l + 50962. Calculate w(-100).
4462
Let z(j) = -j**3 + 6694*j**2 - 665888*j - 503. Give z(101).
2
Let z(j) = -8*j**3 + 1415*j**2 + 69*j + 19220. Determine z(177).
104
Let a(c) = 8462*c - 42352. What is a(5)?
-42
Let y(x) = 22634*x + 3213953. Determine y(-142).
-75
Let v(o) = -1980*o - 1077136. Determine v(-544).
-16
Let o(s) = -1099*s + 147906. What is o(135)?
-459
Let i(u) = 66*u**2 + 2386*u + 132. Calculate i(-36).
-228
Let p(j) = 5163*j + 5173. Calculate p(-1).
10
Let g(y) = -18*y**3 + 291*y**2 + 1012*y - 815. Determine g(19).
2
Let d(q) = -630*q - 112913. Give d(-182).
1747
Let a(j) = 36412*j - 509759. Give a(14).
9
Let u(p) = -20*p**2 - 1109*p + 7849. Give u(7).
-894
Let a(l) = 3228*l - 26034. Give a(8).
-210
Let x(j) = -6278*j + 19496. Calculate x(3).
662
Let i(d) = d**3 + 19*d**2 - 32*d + 784. Calculate i(-22).
36
Let j(y) = 38081*y**2 - 190383*y - 81. Determine j(5).
29
Let r(n) = -313*n - 3152. Calculate r(-10).
-22
Let q(w) = 518633*w + 11409941. Give q(-22).
15
Let n(w) = -3*w**2 + 385*w - 3520. What is n(119)?
-188
Let p(i) = -i**2 + 133*i + 2485. What is p(154)?
-749
Let q(f) = -f**2 + 12436*f + 2771453. What is q(-219)?
8
Let q(u) = -u**3 + 11*u**2 - 34*u + 8. Determine q(5).
-12
Let s(d) = -3189*d**2 - 561238*d + 4559. Calculate s(-176).
-17
Let o(h) = 53336*h - 2773497. Give o(52).
-25
Let r(b) = 66672*b - 200009. What is r(3)?
7
Let m(q) = 586*q**2 - 29886*q - 15. Give m(51).
-15
Let z(h) = 62*h**2 - 452*h + 109. Calculate z(7).
-17
Let t(s) = -1515*s - 86508. Calculate t(-57).
-153
Let b(l) = -8821*l - 105654. Determine b(-12).
198
Let g(p) = -17795*p - 51596. Calculate g(-3).
1789
Let w(v) = 13923*v - 69609. Calculate w(5).
6
Let v(s) = 28*s + 2715. Calculate v(6).
2883
Let x(g) = 503*g - 94574. What is x(188)?
-10
Let p(k) = k**3 - 366*k**2 + 5269*k - 1404. Calculate p(351).
0
Let w(r) = 17*r**2 - 143*r + 1777. Determine w(17).
4259
Let j(z) = 10*z**2 + 1964*z + 40490. Give j(-173).
8
Let d(p) = -16980*p - 1443743. Calculate d(-85).
-443
Let x(n) = 2*n**3 - 56*n**2 - 1358*n + 32823. Determine x(24).
-4377
Let f(k) = 2*k**2 + 356*k - 7913. What is f(-198)?
7
Let i(x) = -x**3 - 168*x**2 - 626*x - 48820. Calculate i(-166).
-16
Let p(l) = l**2 + 146*l + 2218. Calculate p(-20).
-302
Let p(h) = -122*h**2 - 55*h + 371. Calculate p(-2).
-7
Let j(u) = 14*u**3 + 106*u**2 - 103*u - 569. Determine j(-9).
-1262
Let n(r) = r**3 + r**2 - 104*r + 635. Calculate n(7).
299
Let u(c) = c**3 + 143*c**2 + 1202*c - 56. Give u(-9).
-20
Let g(r) = 54*r**2 + 17*r + 96. Give g(-9).
4317
Let f(g) = -131*g**2 - 3004*g + 229. Calculate f(-23).
22
Let v(w) = w**2 + 86*w - 1006. Give v(-93).
-355
Let g(z) = 6*z**2 - 530*z + 3548. Determine g(82).
432
Let f(x) = 89*x - 2507. Calculate f(29).
74
Let a(y) = -3*y**3 - 198*y**2 + 13*y + 34. Calculate a(-66).
-824
Let a(k) = -1364*k**2 - 17760*k - 368. What is a(-13)?
-4
Let o(h) = 20*h**3 + 2*h**2 + 4152*h - 8299. What is o(2)?
173
Let t(j) = -23*j**3 - j**2 - 29*j + 48. Calculate t(4).
-1556
Let p(z) = -30537*z + 305371. Determine p(10).
1
Let m(a) = a**3 - 3*a**2 + 2258*a - 4516. Give m(2).
-4
Let v(f) = 2*f**2 - 328951*f + 1644711. Determine v(5).
6
Let f(i) = -670*i - 64273. What is f(-97)?
717
Let x(k) = 3*k**2 - 41*k - 2107. Calculate x(-20).
-87
Let q(l) = 16*l**3 + 26*l**2 + 77*l - 194. Determine q(-4).
-1110
Let x(p) = 5*p**2 - 4128*p - 12402. Give x(-3).
27
Let o(u) = u**2 + 11535*u - 416565. Calculate o(36).
-9
Let z(h) = 5269*h**3 - 342486*h**2 + 64*h + 70. Determine z(65).
5
Let w(v) = -836*v - 540902. What is w(-647)?
-10
Let m(o) = o**3 + 142*o**2 + 312*o + 4244. What is m(-140)?
-236
Let s(c) = 153*c + 1940. Calculate s(-16).
-508
Let z(g) = 29*g**2 - 42*g + 144. Calculate z(3).
279
Let g(k) = -2*k**2 - 66565*k + 266280. Give g(4).
-12
Let r(p) = 22*p**2 - 53*p + 2. Calculate r(8).
986
Let o(t) = -2*t**2 + 754*t + 116811. Calculate o(-118).
-9
Let t(b) = 6*b**2 - 62*b + 258. Calculate t(0).
258
Let v(d) = 4*d**3 + 89*d**2 - 454*d - 49. Determine v(5).
406
Let b(q) = -117*q**2 + 264*q - 132. Determine b(6).
-2760
Let c(i) = -238*i + 54363. Calculate c(229).
-139
Let t(k) = -2*k**2 + 1010*k - 57891. Determine t(439).
57
Let i(o) = o**3 - 178*o**2 + 7814*o + 506. Give i(79).
-47
Let w(v) = 15275*v + 3864570. What is w(-253)?
-5
Let d(u) = 292*u + 12046. What is d(-39)?
658
Let r(x) = 57*x**2 - 668*x + 113. Determine r(11).
-338
Let q(v) = 4113*v - 12258. Give q(3).
81
Let i(r) = -2*r**3 - 135*r**2 - 50*r - 8189. Determine i(-68).
-165
Let q(m) = -2*m**3 - 86*m**2 - 567*m + 2. Give q(-8).
58
Let u(k) = -3777*k + 1072662. Calculate u(284).
-6
Let x(r) = -2223*r - 213354. Calculate x(-96).
54
Let c(w) = w**3 + 39*w**2 + 28*w + 57. Give c(-38).
437
Let z(w) = 62*w**3 - 11466*w**2 - 740*w - 9. What is z(185)?
-9
Let x(z) = z**3 + 9*z**2 + 84*z + 850. Give x(-10).
-90
Let h(s) = -2760*s - 22123. What is h(-8)?
-43
Let w(s) = -2*s**3 - 4*s**2 - 367*s - 1031. Determine w(-3).
88
Let s(x) = -68*x**2 + 10195*x - 44. Give s(150).
-794
Let c(i) = -82732*i + 1240979. Determine c(15).
-1
Let x(n) = -306*n**2 - 126378*n - 124. Calculate x(-413).
-124
Let a(p) = 573*p + 35505. Calculate a(-62).
-21
Let r(u) = 8*u**2 + 1504*u - 5990. Determine r(4).
154
Let m(a) = a**3 - 23*a**2 - 133*a + 448. Give m(26).
-982
Let f(n) = 245*n - 10108. Determine f(39).
-553
Let h(l) = 9*l**2 - 63*l - 340. Determine h(-5).
200
Let a(t) = 5*t**3 - 181*t**2 - 175*t + 7598. Give a(36).
2
Let w(k) = -54527*k + 654327. Calculate w(12).
3
Let n(d) = d**3 + 157*d**2 - 656*d - 1853. Determine n(-161).
79
Let n(l) = l**2 - 115*l - 1973. Calculate n(-15).
-23
Let p(b) = b**2 + 2962*b - 132267. Calculate p(44).
-3
Let b(c) = 13*c**2 + 69*c + 740. Calculate b(-11).
1554
Let r(q) = 19268*q + 22119642. Determine r(-1148).